e 2, what is -10101001000100 + -11001?
-10101001011101
In base 16, what is 55 - -17e1?
1836
In base 5, what is 2011211 - -3?
2011214
In base 5, what is 22 + -114143?
-114121
In base 2, what is 10101 + 11110110111010?
11110111001111
In base 16, what is 709 - -2cb?
9d4
In base 11, what is -21a44 + -18?
-21a61
In base 6, what is 105152 - 24?
105124
In base 14, what is -75bb4 - -4?
-75bb0
In base 10, what is -3 + 132494?
132491
In base 10, what is 1053 - -1598?
2651
In base 15, what is 7353b - 0?
7353b
In base 12, what is 287a71 - -2?
287a73
In base 11, what is -188 + 1571?
1394
In base 4, what is -10313 - 13?
-10332
In base 15, what is 10102 + -2?
10100
In base 8, what is -16 - 42215?
-42233
In base 3, what is 1211020201002 + 100?
1211020201102
In base 14, what is -8 + 183a?
1832
In base 10, what is 62056 + -3?
62053
In base 14, what is -43c7 + 44?
-4383
In base 13, what is -1b527 + -3?
-1b52a
In base 9, what is 4 - -42445?
42450
In base 5, what is 103224 + -10?
103214
In base 10, what is 3958 + -162?
3796
In base 7, what is 1046 + 3262?
4341
In base 6, what is 21003 - 0?
21003
In base 3, what is -2 - -12212210212?
12212210210
In base 13, what is -1327 - 9?
-1333
In base 10, what is -1648 + 4?
-1644
In base 14, what is -4 + -3a382?
-3a386
In base 2, what is 110 - -1011011001010?
1011011010000
In base 9, what is -1380206 - 4?
-1380211
In base 12, what is 4 - 2b0?
-2a8
In base 6, what is -150 + 42523?
42333
In base 7, what is 313 + 21262?
21605
In base 15, what is db30 + -1?
db2e
In base 13, what is -212 - -47?
-198
In base 8, what is 46165 + 4?
46171
In base 6, what is 3 - 11041250?
-11041243
In base 8, what is 5174 + 6?
5202
In base 13, what is -2 - -35a2a9?
35a2a7
In base 3, what is 120 - 112?
1
In base 4, what is -102 - -12?
-30
In base 12, what is -5b09 + 4?
-5b05
In base 2, what is 1 + -1111111101?
-1111111100
In base 6, what is 1 - -3214203?
3214204
In base 11, what is 576 - -78?
643
In base 5, what is -1300 - -130423?
124123
In base 3, what is 0 - -211101000?
211101000
In base 3, what is 1202021012 - -20?
1202021102
In base 13, what is 232b + 32?
2360
In base 5, what is -11131140 + -14?
-11131204
In base 5, what is -2344 + 1013?
-1331
In base 7, what is -163021 - -5?
-163013
In base 7, what is -143 + 16216?
16043
In base 10, what is -1035 + -57?
-1092
In base 6, what is 12 + 15322?
15334
In base 8, what is -1222 + 74?
-1126
In base 5, what is -1401330004 - -1?
-1401330003
In base 12, what is 4 + 5b8b?
5b93
In base 13, what is -56c7b - 0?
-56c7b
In base 8, what is -4 - 52637?
-52643
In base 15, what is -65 - 33?
-98
In base 4, what is -1 + -1322210?
-1322211
In base 8, what is 26363 - -11?
26374
In base 12, what is -4355 - 477?
-4810
In base 13, what is 121a7 - -b?
121b5
In base 7, what is 23420 - -3?
23423
In base 9, what is 5 + -4341?
-4335
In base 5, what is 10 - -4103213?
4103223
In base 3, what is 10012122 + -1001210?
2010212
In base 11, what is 4a37 - -18?
4a54
In base 14, what is -b + 40a5?
4098
In base 6, what is 52 + 301?
353
In base 12, what is 2ab7 - 19?
2a9a
In base 2, what is 1001000101100101 - 110110?
1001000100101111
In base 14, what is 3c0d40 - 1?
3c0d3d
In base 7, what is -4 + -321564?
-321601
In base 11, what is 12 + 54a96?
54aa8
In base 2, what is -111 - -110010011111001?
110010011110010
In base 11, what is 41240a + 2?
412411
In base 10, what is 428 - 101?
327
In base 3, what is -200121 - -10221?
-112200
In base 13, what is 4 + -26177?
-26173
In base 12, what is -10 + 35?
25
In base 2, what is -1111 + -1010011010101?
-1010011100100
In base 16, what is ca0d - 3?
ca0a
In base 13, what is 2092 + 275?
2337
In base 7, what is 110451454 - 5?
110451446
In base 5, what is -1 - -3223302?
3223301
In base 12, what is 20 - -3b86?
3ba6
In base 12, what is -3b - 6807?
-6846
In base 14, what is 5 + 7473?
7478
In base 12, what is -2547 + -10?
-2557
In base 4, what is -320231 + -2300?
-323131
In base 6, what is 1 + 2533?
2534
In base 2, what is -1 + -1100001100000001101?
-1100001100000001110
In base 6, what is -223424 + -51?
-223515
In base 3, what is 100 - -11012212?
11020012
In base 12, what is -2924b - -9?
-29242
In base 11, what is -39a - 1?
-3a0
In base 5, what is -1 + 4122434?
4122433
In base 7, what is -2612551 - -11?
-2612540
In base 12, what is 4 + -5703?
-56bb
In base 15, what is 49dd - 8?
49d5
In base 9, what is -604027 + -3?
-604031
In base 8, what is 42 + 311?
353
In base 6, what is -10 + 221323?
221313
In base 12, what is -2414 + a?
-2406
In base 13, what is 540 - 102?
43b
In base 9, what is -1 - -1058068?
1058067
In base 16, what is 12 - 641?
-62f
In base 6, what is 150 - -4340?
4530
In base 15, what is -4c034 + -4?
-4c038
In base 12, what is -3b + -5ab?
-62a
In base 2, what is -10010 - 1101000?
-1111010
In base 11, what is -1300 - -136?
-1175
In base 11, what is -136 - -1578?
1442
In base 2, what is -11010 + 11101000010001?
11100111110111
In base 13, what is 10178 - 5?
10173
In base 11, what is 14321 + 8?
14329
In base 3, what is 20121110 + -102?
20121001
In base 7, what is 1 - -40216?
40220
In base 16, what is c1 + 97f6?
98b7
In base 14, what is 530d43 + -2?
530d41
In base 10, what is -20 + -743?
-763
In base 7, what is 1222 - 541?
351
In base 6, what is 3555312 + -1?
3555311
In base 7, what is -61 - 1140?
-1231
In base 5, what is 1321 + 124?
2000
In base 10, what is 1837 - -529?
2366
In base 3, what is -101012 + -201?
-101220
In base 16, what is -1d2691 + 0?
-1d2691
In base 16, what is -184 - -251?
cd
In base 4, what is 2303 - -10202103?
10211012
In base 15, what is -45c60 - 2?
-45c62
In base 5, what is -4101143 - -22?
-4101121
In base 5, what is -11 - -34203?
34142
In base 7, what is 2556325 - 10?
2556315
In base 13, what is -97 - -5?
-92
In base 13, what is 54 - 41ba?
-4166
In base 10, what is 98 + -717?
-619
In base 11, what is 4 - -39691?
39695
In base 16, what is 378 - -60?
3d8
In base 8, what is -1514 - 276?
-2012
In base 7, what is 10621 - -5?
10626
In base 6, what is 111545 + 15?
112004
In base 2, what is 101 + -11111010100101?
-11111010100000
In base 7, what is -52 + -212?
-264
In base 14, what is 14cb6 + d?
14cc5
In base 15, what is 4 - 5214?
-5210
In base 6, what is -52 + -1103?
-1155
In base 13, what is -88cb - -17?
-88b4
In base 16, what is 1e9 + -2a7?
-be
In base 13, what is 0 + -2533?
-2533
In base 16, what is -3106e + 5?
-31069
In base 4, what is -112101301 - 0?
-112101301
In base 2, what is 10001011010101000001 - -11?
10001011010101000100
In base 10, what is -45217 + -3?
-45220
In base 5, what is -10 - -330100?
330040
In base 8, what is -5 - 1643235?
-1643242
In base 7, what is 651 + -4?
644
In base 3, what is -10102221011 + -10?
-10102221021
In base 15, what is 70 - 71?
-1
In base 11, what is -1058 - -18?
-1040
In base 16, what is -1 - 4b86?
-4b87
In base 12, what is 52697 - -2?
52699
In base 5, what is 1014231 + -2444?
1011232
In base 12, what is -14 + -154b?
-1563
In base 4, what is -1010 + -302300?
-303310
In base 5, what is -2304143 + 2?
-2304141
In base 15, what is 5 + -16978?
-16973
In base 6, what is -32400130 - 0?
-32400130
In base 16, what is -26 - 2a44f?
-2a475
In base 5, what is -10 - -201424?
201414
In base 15, what is -a4c + -2?
-a4e
In base 7, what is -2441165 + 4?
-2441161
In base 5, what is 1 - -100003402?
100003403
In base 10, what is 29812 + -113?
29699
In base 7, what is -50 + 34015?
33635
In base 11, what is -2 - 4538?
-453a
In base 7, what is 3152436 + -4?
3152432
In base 5, what is 2041031 - -110?
2041141
In base 12, what is 4 + -87123?
-8711b
In base 8, what is 24 + -4645?
-4621
In base 3, what is 10221202 + -21?
10221111
In base 14, what is 16d - -9?
178
In base 9, what is 570 - -105?
675
In base 4, what is 101023222 - 2?
101023220
In base 16, what is -18aff + 19?
-18ae6
In base 15, what is d9 + -1b4a?
-1a61
In base 15, what is -22 - 4164?
-4186
In base 16, what is -aa + 16?
-94
In base 2, what is 1010100101000 + 101?
1010100101101
In base 2, what is 111010111111 + 11100100?
111110100011
In base 2, what is -10 + 10001000100100000101?
10001000100100000011
In base 5, what is -2 + 134120?
134113
In base 6, what is 20052 - 4255?
11353
In base 9, what is 68 - -503?
572
In base 3, what is -2221021010 + -11?
-2221021021
In base 6, what is -542 - 4532?
-5514
In base 14, what is 8 + -